 18*s + 10. Let o be f(7). Calculate the highest common factor of 17 and o.
17
Let g be ((-4)/12)/((-2)/12). Let a be 1*g*25/10. Calculate the greatest common divisor of a and 40.
5
Let f(t) = -4*t - 112. Let n be f(-30). Calculate the highest common factor of 104 and n.
8
Suppose 4*l - r = -l + 224, 40 = l - 5*r. Let z(k) = k + 3. Let v be z(-3). Let p be 9/(v/1 - -1). Calculate the highest common divisor of p and l.
9
Suppose -3*c - 5*s - 16 = 0, -4*c - 4*s = 10 + 14. Let o be 4548/42 - (-2)/c. Calculate the greatest common factor of o and 12.
12
Let o(u) = -u**2 + 3*u. Let w be o(3). Suppose 3*k = z + 3*z + 23, -4*z - 8 = w. Calculate the greatest common divisor of 1 and k.
1
Let p be (-2)/((-1)/36 + 0). Let j = 105 - p. What is the greatest common factor of 3 and j?
3
Let d = -1 - -10. Let x be (-3)/(d/(-6)) + 4. Calculate the highest common factor of x and 9.
3
Let r = 8 - 5. Let q be r - 1*(2 - 1). Suppose q*m - 3 = -1. Calculate the greatest common divisor of m and 2.
1
Suppose 84 = 4*l - 4*i, 0*l + 5*l = 2*i + 117. Let q be (20/l)/((-4)/(-70)). Let g = 4 + q. What is the highest common divisor of g and 6?
6
Let w(d) = d**2 - d + 4. Let a be w(-3). Let k = 347 - 171. What is the highest common factor of k and a?
16
Let h(r) = -r**3 - 6*r**2 + 8*r + 5. Let y be h(-7). Let t be y + -1 + (-6 - -21). What is the highest common divisor of 132 and t?
12
Let n = 5 - 10. Let r = n + 19. What is the highest common factor of r and 35?
7
Let q be (-4)/(-10) + (-373)/(-5). Suppose 0 = 3*i + 2*i - q. What is the highest common divisor of 10 and i?
5
Let l = -5 - -8. Suppose 0 = l*s, 0 = -2*j + 2*s + 149 + 27. Suppose 0 = -7*a - 9*a + 128. What is the highest common factor of a and j?
8
Suppose 0 = 7*d - 10*d + 336. Suppose -3*v - c = -2, c + 1 = -3. Suppose 6 = v*j - 22. Calculate the highest common divisor of d and j.
14
Let t = -11 + 18. What is the highest common divisor of t and 35?
7
Let z = 12 - 7. Suppose -z*m + 14 = -26. What is the greatest common factor of 24 and m?
8
Let c(t) = -16*t + 6. Let x(i) = i**3 + 9*i**2 - 2*i - 12. Let d be x(-9). Let o be c(d). Let s = -35 - o. What is the greatest common divisor of s and 22?
11
Let l = -7 - -9. Suppose l*x - 5 = -o, -4*o + 40 = 5*x - x. What is the greatest common factor of 15 and o?
15
Let b be 18/(-45) - (-64)/10. Calculate the greatest common divisor of 24 and b.
6
Suppose -j + d = -19, -j + 0*j = -5*d + 1. Calculate the highest common factor of j and 192.
24
Suppose -170 = -10*n + 5*n. What is the greatest common divisor of 238 and n?
34
Let k(c) = 2*c**2. Let l be k(6). Let b = 2 - -1. Suppose v + 36 = b*v. What is the highest common factor of l and v?
18
Let y = 28 - 27. Calculate the highest common factor of 3 and y.
1
Suppose -v + 198 + 99 = 0. What is the greatest common factor of v and 27?
27
Let w be 612/6 - 3/(-1). What is the greatest common factor of w and 15?
15
Let f(h) = -h**3 - h**2 - 2. Let k be f(-2). Suppose 3*l - k*b = 268, -155 = -4*l - b + 195. Calculate the highest common factor of 11 and l.
11
Let y = 8 - 6. Suppose -b + y*q = -16, 0*q - 12 = -b + q. Let p = -7 + b. What is the highest common divisor of 10 and p?
1
Suppose -4*q - 66 = -5*i, -3*i + 42 = 2*i + 2*q. What is the greatest common factor of i and 2?
2
Suppose -u + 32 = u. Suppose 400 = -241*r + 251*r. What is the highest common divisor of r and u?
8
Let p = -6 + 4. Let d be (-209)/(-3) + p/(-6). Calculate the greatest common divisor of 14 and d.
14
Let l be (-2)/2*(1 - 2). Suppose -u = -11 - l. Calculate the greatest common factor of 36 and u.
12
Suppose 1188 = 4*j - 3*s, -2*j - 5*s = 13 - 607. What is the highest common divisor of 27 and j?
27
Let a be -1 - (1 - (2 - -8)). Calculate the highest common divisor of a and 56.
8
Suppose -j + 16 = -f, 5*j = 2*f - 5*f + 64. Suppose -4*b + b + 631 = 4*d, -333 = -2*d - 5*b. What is the highest common divisor of j and d?
14
Suppose -u = -2 - 1. Suppose -10 = -u*o + 8*o. Let m = o - -6. Calculate the highest common factor of 2 and m.
2
Suppose 4 - 12 = 4*t. Let i be (3 - 0) + (-6)/t. Suppose -2 = -5*w + 8. What is the highest common divisor of i and w?
2
Let l be 39/9 + 2/3. Suppose 4*w = 3*w + 4. Suppose w*c + 18 = l*c. Calculate the greatest common factor of 2 and c.
2
Let b(l) = l**3 + 6*l**2 + 5*l + 4. Let c be b(-4). What is the highest common factor of c and 24?
8
Let m be (-5454)/(-10) + 6/10. Suppose -5*z + m = -309. Calculate the greatest common factor of 19 and z.
19
Suppose 0 = 7*f - 1735 + 538. Calculate the greatest common divisor of 19 and f.
19
Let w(x) = -x**2 - 22*x - 11. Let y be w(-21). What is the greatest common factor of 50 and y?
10
Suppose -4*c + 4 + 8 = 0. Suppose -3*t - c = 0, t - 92 = 3*u - 237. What is the greatest common factor of u and 120?
24
Let q(z) = -5*z + 1. Suppose 5*g - 6 = 9. Let s be q(g). Let d = s - -26. What is the highest common divisor of 48 and d?
12
Let k be (-4 - 45/(-10))/((-2)/(-8)). What is the highest common factor of 4 and k?
2
Let h(r) = -r**3 + 11*r**2 - 8*r + 2. Let k be h(7). Suppose 0 = -2*g + 3*y + k + 46, -96 = -g + 2*y. Calculate the highest common divisor of g and 11.
11
Let b = -43 - -47. What is the highest common divisor of b and 1?
1
Let f be 23/3*(1 + -2 + 4). Calculate the highest common factor of 23 and f.
23
Let h(o) = -3*o - 19. Let i be h(-8). Calculate the highest common factor of i and 5.
5
Suppose 0 = -y - y + 70. Calculate the highest common divisor of y and 7.
7
Let t(w) = 10 + 7*w**2 - 8*w - 2*w**2 - 4*w**2. Let k be t(8). Suppose 0 = -x + 6*x - 25. What is the greatest common divisor of k and x?
5
Suppose 5*i - 4 = -t + 1, 4*i = -5*t - 17. Let a = 2 - i. Suppose -x + 65 = -a*x. What is the highest common factor of x and 13?
13
Let w = 24 - 20. Suppose -t + 53 = 3*q, -q - 4*t = -3*q + 12. Calculate the greatest common divisor of w and q.
4
Let v be (510/(-30))/(2/(-14)). Calculate the greatest common divisor of 17 and v.
17
Let i = 471 - 336. What is the highest common factor of i and 27?
27
Suppose 0 = -2*z + 1 - 3. Let s be -4*(z - 0/3). Suppose s*x = 0, 3*g + x - 36 = 2*x. Calculate the highest common divisor of 8 and g.
4
Suppose 20 = i - 4. Suppose 8*n - 4*n = 12. What is the greatest common factor of i and n?
3
Suppose 5*n - 9 = 2*n. What is the highest common factor of 15 and n?
3
Let h(m) = -16*m - 2. Let r be h(-2). Suppose -3*g + r = -g. Let d = g - -8. What is the greatest common factor of 92 and d?
23
Let r = -3 + 6. Let g be (15/2)/5*2. Let v = r + g. Calculate the highest common divisor of v and 42.
6
Suppose 3*t - 2*t = 64. What is the greatest common factor of 16 and t?
16
Let s(j) = 51*j**3 + 3*j**2 - j - 1. Let i be s(1). Calculate the greatest common divisor of 182 and i.
26
Suppose 2*a - 15 = 11. Calculate the greatest common factor of a and 26.
13
Suppose 0 = -5*s + 208 - 8. Let p(m) = m**2 + 2*m. Let g be p(2). Calculate the greatest common divisor of g and s.
8
Let o = 26 + -17. What is the highest common divisor of 3 and o?
3
Let z be ((-26)/(-6))/((-2)/(-42)). Let v(h) = -h**2 - 15*h - 23. Let k be v(-12). Calculate the greatest common divisor of z and k.
13
Suppose -2*z - 3*f + 15 = 0, 3*f - 25 = 2*z - 2*f. Let x = z + 6. What is the greatest common divisor of x and 54?
6
Suppose g + 3*l = 75, 7*g - 426 = 2*g + 2*l. Calculate the greatest common factor of 126 and g.
42
Suppose 4 = -2*t - 4, q = -4*t + 12. Let a be (-366)/(-54) + 2/9. Calculate the greatest common divisor of q and a.
7
Let t be 3/(-7) + 2288/112. What is the greatest common factor of 10 and t?
10
Let y(f) be the third derivative of f**4/24 + 4*f**3/3 - f**2. Let x be y(10). Let h = 19 - 1. What is the greatest common divisor of h and x?
18
Let a(k) = k**3 + 21*k**2 + 21*k + 25. Let j be a(-20). What is the greatest common factor of 25 and j?
5
Let l = 99 - 36. Calculate the highest common factor of 21 and l.
21
Let k = 0 - -11. Let u be (-134)/(-4) + 1/(-2). Calculate the highest common divisor of u and k.
11
Let h be 6/4*(-8)/(-6). Let k(w) = 11*w**3 + w**2 - 3*w + 2. Let b be k(h). What is the highest common divisor of 11 and b?
11
Let m(n) = -3*n**2 + 3 + 5 + n - 1 + 4*n**2 - n**3. Let w be m(0). Suppose 0 = -2*r + r + 1. What is the greatest common divisor of r and w?
1
Let h be -4 + (4 - -5